41
Let m(r) = -r**2 - 4*r + 10. Calculate m(-7).
-11
Let r(c) = c + 65. Give r(11).
76
Let u(b) = b**3 - 10*b**2 + 17*b - 18. Determine u(8).
-10
Let q(x) = -15*x + 271. Give q(18).
1
Let r(i) = 19*i - 102. Calculate r(5).
-7
Let v(c) = -c**2 - 19*c + 1. Give v(-19).
1
Let q(j) = -j**2 + 3*j - 1. Give q(-3).
-19
Let h(i) = -14*i - 4. Calculate h(2).
-32
Let u(f) = -22*f - 1196. Calculate u(-54).
-8
Let r(w) = 3*w - 20. What is r(12)?
16
Let q(w) = 6*w + 48. Give q(-12).
-24
Let i(q) = q - 2. Determine i(4).
2
Let d(n) = n**2 - 13*n + 15. Calculate d(11).
-7
Let w(c) = c - 50. What is w(44)?
-6
Let o(t) = t**3 + 3*t**2 + 16. Determine o(-5).
-34
Let a(u) = -6*u + 74. Give a(13).
-4
Let a(s) = s**3 + 13*s**2 - 2*s - 39. What is a(-13)?
-13
Let y(f) = -2*f**2 + 9*f - 13. Calculate y(7).
-48
Let f(s) = s**3 + 3*s**2 + 2*s - 5. Calculate f(-3).
-11
Let n(o) = -o**2 + 13*o - 13. Determine n(10).
17
Let p(h) = 11*h + 85. What is p(-8)?
-3
Let j(p) = p + 4. What is j(-3)?
1
Let g(x) = x**2 - 5*x - 26. What is g(-4)?
10
Let q(r) = -2*r**2 - 26*r - 32. Determine q(-12).
-8
Let w(q) = -q**3 - 7*q**2 - 6*q + 9. Calculate w(-6).
9
Let q(g) = 8*g + 5. Determine q(-4).
-27
Let g(z) = z**2 + 3*z - 23. What is g(-7)?
5
Let k(p) = 11*p - 9. Give k(2).
13
Let h(f) = 8*f**2 - 1. Determine h(-2).
31
Let w(t) = -t**3 + 9*t**2 - 10*t + 13. What is w(8)?
-3
Let n(v) = v**3 + 4*v**2 - v - 3. Calculate n(-4).
1
Let k(g) = g**2 + 12*g + 36. What is k(-7)?
1
Let s(l) = 4*l + 7. What is s(-8)?
-25
Let i(g) = g**2 + 5*g - 48. Determine i(5).
2
Let n(b) = -b**3 + 5*b**2 - 3*b + 4. Determine n(5).
-11
Let h(m) = -m**3 + 12*m**2 + m - 7. Calculate h(12).
5
Let x(i) = -7*i + 9. Calculate x(6).
-33
Let r(p) = p**2 + 24*p + 52. Give r(-17).
-67
Let f(g) = g + 12. Give f(-6).
6
Let j(s) = s**3 + 6*s**2 - 24*s - 10. Calculate j(-8).
54
Let f(l) = -4*l - 7. Give f(5).
-27
Let p(y) = y**3 - 13*y**2 + 29*y + 16. What is p(10)?
6
Let m(j) = -2*j**3 - 53*j**2 - 25*j - 10. Determine m(-26).
-36
Let c(s) = -s**3 - 6*s**2 + 21. Calculate c(-5).
-4
Let k(j) = -85*j - 13. What is k(-2)?
157
Let g(h) = 2*h**3 + 60*h**2 + 60*h + 54. Give g(-29).
-4
Let q(s) = s**3 - 3*s**2 + 11*s - 34. Determine q(3).
-1
Let u(b) = 6*b**2 - 15*b. Calculate u(3).
9
Let m(b) = -b**3 - 2*b**2 + 2*b - 16. Calculate m(-4).
8
Let a(v) = -4*v + 32. Calculate a(14).
-24
Let l(x) = x**2 - 7*x - 19. Give l(8).
-11
Let y(a) = -a**3 - 17*a**2 + 16*a - 39. Determine y(-18).
-3
Let r(x) = -x**2 + 12*x - 9. What is r(10)?
11
Let u(g) = g**2 - 6*g - 8. What is u(6)?
-8
Let n(t) = 18*t**2 - t. Calculate n(1).
17
Let r(s) = s**3 + 10*s**2 + 11*s - 2. Determine r(-9).
-20
Let i(c) = c**2. Determine i(-2).
4
Let u(f) = f**2 + 12*f + 25. What is u(-6)?
-11
Let w(x) = x**3 - 22*x**2 - 3*x - 46. Give w(22).
-112
Let p(g) = 2*g - 26. Calculate p(22).
18
Let f(j) = -j**3 - 6*j**2 - 4*j + 5. Determine f(-4).
-11
Let m(x) = 2*x**2 + 3. Determine m(0).
3
Let l(g) = -3*g + 68. Calculate l(16).
20
Let o(r) = r**3 + 8*r**2 + r. Determine o(-8).
-8
Let r(c) = 6*c**2 - 5*c - 24. Give r(-4).
92
Let q(p) = p**3 + 6*p**2 + p + 9. Determine q(-6).
3
Let p(r) = r**2 - 68*r + 988. What is p(21)?
1
Let p(o) = o**3 + 22*o**2 + o + 5. Determine p(-22).
-17
Let p(w) = -3*w + 6. Calculate p(-9).
33
Let z(v) = 15*v**2 + 3*v + 2. Give z(-1).
14
Let f(r) = -2*r**3 + 3*r**2 - r + 2. Determine f(2).
-4
Let d(s) = -s**3 - 10*s**2 + 13*s - 8. Determine d(-11).
-30
Let o(k) = k**3 - 19*k**2 + 17*k + 29. What is o(18)?
11
Let i(m) = -2*m**2 - 22*m - 45. Calculate i(-8).
3
Let w(i) = -6*i + 2. What is w(-1)?
8
Let o(j) = -2*j**2 - 13*j - 18. Determine o(-9).
-63
Let w(p) = -2*p**2 + 9*p - 6. Determine w(6).
-24
Let o(k) = k - 14. Calculate o(5).
-9
Let x(h) = 3*h - 12. Give x(0).
-12
Let g(j) = j**3 + 2*j**2 - j + 3. Determine g(0).
3
Let j(d) = 29*d + 64. Determine j(-2).
6
Let o(r) = -2*r - 6. Give o(4).
-14
Let b(c) = -c + 3. Give b(3).
0
Let s(v) = 4*v + 2. Determine s(0).
2
Let i(l) = 63*l. Calculate i(-1).
-63
Let w(r) = -r + 10. Calculate w(10).
0
Let p(t) = 2*t**3 - 26*t**2 + 23*t + 16. What is p(12)?
4
Let f(d) = 2*d - 6. What is f(-12)?
-30
Let m(w) = -149*w - 1350. What is m(-9)?
-9
Let z(q) = -11*q - 208. What is z(-19)?
1
Let m(k) = 4*k**2 + 5*k. Give m(-4).
44
Let v(q) = q**3 + 10*q**2 + 11*q + 9. What is v(-7)?
79
Let p(r) = -2*r**2 - 5*r + 19. Determine p(-9).
-98
Let d(o) = o**3 - o**2 - o - 18. What is d(0)?
-18
Let q(y) = y**3 + 4*y**2 - y + 11. Give q(-5).
-9
Let k(a) = a**3 - 6*a**2 - 5*a + 9. What is k(7)?
23
Let n(u) = u**3 - 5*u**2 - u + 5. What is n(5)?
0
Let v(l) = -2*l**2 + 2*l + 3. Give v(-2).
-9
Let l(i) = 6*i - 2. Give l(3).
16
Let c(z) = -53*z**3 + 1. What is c(1)?
-52
Let r(g) = 3*g - 51. What is r(18)?
3
Let m(f) = -f + 20. Give m(5).
15
Let d(f) = f**3 - 8*f**2 + 2*f + 4. What is d(8)?
20
Let w(g) = -g**3 - 11*g**2 + 2*g + 23. Determine w(-11).
1
Let z(i) = i**3 - 14*i**2 + 13*i + 5. Determine z(13).
5
Let k(w) = -w**3 + 3*w**2 + 4*w - 17. Determine k(4).
-17
Let t(x) = 21*x + 18. Determine t(5).
123
Let h(y) = 8*y + 427. What is h(-53)?
3
Let z(l) = l - 6. What is z(12)?
6
Let b(t) = -t**3 + 7*t**2 - 2*t + 3. Give b(7).
-11
Let q(c) = 2*c - 8. Give q(5).
2
Let o(v) = -2*v**2 + 30*v - 11. Calculate o(15).
-11
Let x(v) = 7*v + 20. Calculate x(0).
20
Let p(v) = -75*v**2 - 1. Determine p(1).
-76
Let o(y) = y**3 - 9*y**2 + 3*y - 8. Determine o(8).
-48
Let t(a) = 67*a**2 - 4*a + 1. Give t(1).
64
Let l(c) = 79*c + 157. Calculate l(-2).
-1
Let d(f) = -f**2 + 4*f + 453. What is d(-19)?
16
Let n(d) = 8*d**2 + 30*d + 1. Give n(-4).
9
Let a(i) = -i**2 - 9*i + 38. What is a(-12)?
2
Let n(g) = g + 5. Calculate n(-14).
-9
Let u(m) = -m**2 + 15*m - 11. What is u(14)?
3
Let t(o) = o**3 + 14*o**2 + 11*o + 6. Calculate t(-13).
32
Let j(a) = 2*a**3 - 10*a**2 - 5*a - 42. Give j(6).
0
Let k(g) = g - 46. Determine k(-21).
-67
Let b(h) = h**2 - 10*h + 30. Calculate b(6).
6
Let z(s) = -s**3 - 5*s**2 + 3*s - 5. What is z(-6)?
13
Let f(q) = -q**2 + 10*q + 15. Give f(11).
4
Let r(u) = -u**3 - 7*u**2 - 4*u - 14. Give r(-7).
14
Let j(k) = k - 5. Give j(13).
8
Let v(h) = -h**3 + 7*h**2 - 6*h + 2. Give v(6).
2
Let t(c) = -c**2 + 11*c + 9. Give t(12).
-3
Let k(a) = 5*a + 80. Determine k(-11).
25
Let j(w) = 7*w**2. Determine j(1).
7
Let h(q) = 2*q**2 + 4*q - 9. Give h(2).
7
Let m(h) = -h**2 - 2*h + 7. Calculate m(-3).
4
Let t(z) = -z**3 + 12*z**2 - 12*z + 2. Determine t(11).
-9
Let n(s) = 3*s - 9. Give n(-2).
-15
Let d(t) = t**3 + 10*t**2 - 11*t - 14. Give d(-11).
-14
Let m(p) = -188*p + 563. Calculate m(3).
-1
Let d(v) = -v**2 - 32*v - 133. Give d(-27).
2
Let m(f) = -f**2 + 14*f - 26. Determine m(12).
-2
Let x(r) = -2*r - 4. Calculate x(-7).
10
Let s(b) = b**3 + 8*b**2 + 4*b + 6. Calculate s(-8).
-26
Let s(r) = -2*r**3 + 3*r**2 + 26*r - 8. What is s(-3)?
-5
Let p(a) = -a**2 + 2*a + 2. Calculate p(-3).
-13
Let k(g) = g**3 - 7*g**2 + 3*g - 13. Determine k(7).
8
Let x(n) = -2*n**2 + 17*n - 11. Give x(8).
-3
Let a(s) = -5*s - 94. Give a(-4).
-74
Let p(l) = -4*l**3 - 2*l**2 + 2*l + 2. Determine p(-2).
22
Let r(k) = -k**3 - 3*k**2 - 2*k + 5. Give r(-6).
125
Let y(f) = -f**3 + 3*f**2 + 7*f - 9. Give y(4).
3
Let p(c) = 2*c - 16. Give p(9).
2
Let b(u) = -10*u + 18. Give b(4).
-22
Let j(l) = l**3 - 7*l**2 - 14*l + 49. Calculate j(8).
1
Let c(u) = 2*u**3 - 12*u**2 - u + 10. What is c(6)?
4
Let u(z) = -3*z + 42. Calculate u(0).
42
Let a(r) = -54*r**3 - 2*r**2 + 1. What is a(1)?
-55
Let d(k) = -k**3 - 7*k**2 - 3*k + 9. Calculate d(-5).
-26
Let u(p) = p**2 + 8*p - 24. Give u(-10).
-4
Let i(d) = -d**2 - 27*d + 10. Give i(0).
10
Let m(k) = 7*k**3 - k**2. Calculate m(-1).
-8
Let s(j) = 7*j + 53. What is s(-13)?
-38
Let y(i) = -6*i - 21. Give y(-2).
-9
Let h(b) = -b**3 - 5*b**2 + b - 6. Give h(-5).
-11
Let b(u) = 4*u**2 - 9*u - 2. Calculate b(3).
7
Let k(q) = q + 17. Give k(0).
17
Let v(t) = -42*t + 105. What is v(4)?
-63
Let x(m) = m**2 + 7*m + 13. What is x(-6)?
7
Let b(t) = t - 17. Calculate b(14).
-3
Let g(k) = -k**3 + 2*k**2 + 4*k - 3. Determine g(2).
5
Let c(a) = 51*a + 1. What is c(-1)?
-50
Let r(h) = h**2 + 3*h - 20. Determine r(-6).
-2
Let h(w) = -26*w - 125. Determine h(-6).
31
Let p(k) = k**3 - 5*k**2 - 14*k - 7. What is p(7)?
-7
Let q(l) = l**2 + 6*l + 4. Give 